hen 906948 is divided by 213.
207
What is the remainder when 441205 is divided by 9?
7
What is the remainder when 3486 is divided by 486?
84
What is the remainder when 34319 is divided by 37?
20
Calculate the remainder when 1782 is divided by 183.
135
What is the remainder when 3893 is divided by 19?
17
Calculate the remainder when 45303 is divided by 33.
27
What is the remainder when 1037 is divided by 501?
35
What is the remainder when 194156 is divided by 1339?
1
Calculate the remainder when 8869 is divided by 26.
3
What is the remainder when 40656 is divided by 109?
108
Calculate the remainder when 68958 is divided by 160.
158
Calculate the remainder when 75333 is divided by 271.
266
Calculate the remainder when 385495 is divided by 29653.
6
Calculate the remainder when 113036 is divided by 3897.
23
What is the remainder when 62420 is divided by 153?
149
What is the remainder when 225117 is divided by 402?
399
What is the remainder when 161324 is divided by 26?
20
What is the remainder when 13594 is divided by 132?
130
What is the remainder when 167859 is divided by 556?
503
Calculate the remainder when 170253 is divided by 24.
21
Calculate the remainder when 845 is divided by 50.
45
Calculate the remainder when 64117 is divided by 153.
10
Calculate the remainder when 596 is divided by 92.
44
What is the remainder when 46742 is divided by 29?
23
What is the remainder when 4677 is divided by 3767?
910
Calculate the remainder when 10393 is divided by 53.
5
What is the remainder when 713052 is divided by 105?
102
What is the remainder when 219924 is divided by 74?
70
Calculate the remainder when 943770 is divided by 53.
52
What is the remainder when 28957 is divided by 4120?
117
Calculate the remainder when 755 is divided by 245.
20
Calculate the remainder when 2137 is divided by 93.
91
What is the remainder when 43969 is divided by 23?
16
Calculate the remainder when 37423 is divided by 87.
13
What is the remainder when 127107 is divided by 17?
15
What is the remainder when 31528 is divided by 4502?
14
Calculate the remainder when 4210 is divided by 4209.
1
What is the remainder when 624698 is divided by 172?
166
What is the remainder when 18224 is divided by 4528?
112
What is the remainder when 7746387 is divided by 915?
912
What is the remainder when 8339 is divided by 87?
74
Calculate the remainder when 16462 is divided by 98.
96
Calculate the remainder when 800 is divided by 331.
138
What is the remainder when 832 is divided by 40?
32
What is the remainder when 38702 is divided by 4837?
6
What is the remainder when 18557 is divided by 310?
267
What is the remainder when 48497 is divided by 9?
5
Calculate the remainder when 2249 is divided by 1122.
5
What is the remainder when 122188 is divided by 2545?
28
What is the remainder when 31736 is divided by 10552?
80
Calculate the remainder when 3023 is divided by 25.
23
What is the remainder when 46093 is divided by 344?
341
Calculate the remainder when 1248 is divided by 57.
51
What is the remainder when 997 is divided by 87?
40
Calculate the remainder when 432119 is divided by 554.
553
What is the remainder when 18604 is divided by 429?
157
Calculate the remainder when 19274 is divided by 2138.
32
What is the remainder when 69936 is divided by 380?
16
Calculate the remainder when 27324 is divided by 171.
135
Calculate the remainder when 6876 is divided by 113.
96
What is the remainder when 14536115 is divided by 36?
35
What is the remainder when 1263245 is divided by 7?
4
What is the remainder when 25572 is divided by 514?
386
What is the remainder when 118 is divided by 3?
1
What is the remainder when 8727 is divided by 118?
113
Calculate the remainder when 112920 is divided by 28.
24
What is the remainder when 870 is divided by 123?
9
What is the remainder when 6358 is divided by 8?
6
What is the remainder when 81966 is divided by 1389?
15
Calculate the remainder when 421162 is divided by 131.
128
Calculate the remainder when 1470 is divided by 172.
94
Calculate the remainder when 92247 is divided by 18443.
32
What is the remainder when 54113 is divided by 479?
465
Calculate the remainder when 1965 is divided by 147.
54
What is the remainder when 1344 is divided by 2?
0
Calculate the remainder when 565081 is divided by 32.
25
Calculate the remainder when 115969 is divided by 263.
249
What is the remainder when 88972 is divided by 285?
52
What is the remainder when 5231 is divided by 2584?
63
What is the remainder when 47222 is divided by 680?
302
What is the remainder when 814 is divided by 403?
8
What is the remainder when 87440 is divided by 29145?
5
Calculate the remainder when 1315 is divided by 311.
71
Calculate the remainder when 119507 is divided by 59730.
47
What is the remainder when 12265 is divided by 191?
41
What is the remainder when 2402 is divided by 428?
262
What is the remainder when 3306 is divided by 535?
96
What is the remainder when 2957 is divided by 171?
50
Calculate the remainder when 17785 is divided by 504.
145
What is the remainder when 8051 is divided by 15?
11
What is the remainder when 32747 is divided by 50?
47
Calculate the remainder when 15653 is divided by 36.
29
Calculate the remainder when 21629 is divided by 179.
149
What is the remainder when 14781 is divided by 746?
607
Calculate the remainder when 680 is divided by 172.
164
What is the remainder when 381309 is divided by 24?
21
Calculate the remainder when 3587 is divided by 395.
32
Calculate the remainder when 1638 is divided by 269.
24
What is the remainder when 25148 is divided by 8?
4
What is the remainder when 8137 is divided by 551?
423
What is the remainder when 8328 is divided by 86?
72
Calculate the remainder when 1400 is divided by 5.
0
Calculate the remainder when 397 is divided by 86.
53
What is the remainder when 1288 is divided by 86?
84
What is the remainder when 1096330 is divided by 16611?
4
What is the remainder when 4009 is divided by 52?
5
What is the remainder when 8798 is divided by 56?
6
Calculate the remainder when 5361 is divided by 282.
3
What is the remainder when 1556003 is divided by 95?
93
Calculate the remainder when 4709 is divided by 131.
124
What is the remainder when 73397 is divided by 73390?
7
What is the remainder when 3958 is divided by 1307?
37
What is the remainder when 11166 is divided by 3718?
12
Calculate the remainder when 1100676 is divided by 92.
80
Calculate the remainder when 12904 is divided by 1610.
24
What is the remainder when 221307 is divided by 18440?
27
What is the remainder when 145965 is divided by 591?
579
What is the remainder when 25027 is divided by 8330?
37
Calculate the remainder when 317506 is divided by 71.
65
Calculate the remainder when 51049 is divided by 5102.
29
What is the remainder when 8080 is divided by 37?
14
Calculate the remainder when 43369 is divided by 3332.
53
Calculate the remainder when 1236 is divided by 46.
40
Calculate the remainder when 324 is divided by 14.
2
Calculate the remainder when 10336 is divided by 68.
0
Calculate the remainder when 1682 is divided by 88.
10
Calculate the remainder when 23849 is divided by 5953.
37
Calculate the remainder when 13781 is divided by 989.
924
Calculate the remainder when 1488 is divided by 661.
166
What is the remainder when 2024 is divided by 751?
522
Calculate the remainder when 764032 is divided by 52.
48
Calculate the remainder when 35073 is divided by 8698.
281
Calculate the remainder when 286189 is divided by 71543.
17
Calculate the remainder when 18837 is divided by 2653.
266
What is the remainder when 8786 is divided by 29?
28
What is the remainder when 4704684 is divided by 98?
96
Calculate the remainder when 568 is divided by 261.
46
What is the remainder when 1011 is divided by 696?
315
Calculate the remainder when 196723 is divided by 49178.
11
Calculate the remainder when 40664 is divided by 3.
2
Calculate the remainder when 15912 is divided by 104.
0
What is the remainder when 14601 is divided by 4857?
30
Calculate the remainder when 22129 is divided by 335.
19
What is the remainder when 66800 is divided by 2?
0
Calculate the remainder when 287 is divided by 100.
87
Calculate the remainder when 154306 is divided by 493.
490
What is the remainder when 105